 6. Suppose -4*o + 55 = 5*p, 37 = 2*p + t*o + 15. Calculate the remainder when p is divided by 4.
3
Suppose i - 21 = -a, -2*a - 3*a + 4*i + 105 = 0. What is the remainder when 37 is divided by a?
16
Let u be (1 - 105)*3/(-4). Suppose 3*h = 252 - u. Let m(q) = q + 15. Calculate the remainder when h is divided by m(0).
13
Calculate the remainder when (-2 + (0 - 0))*-36 is divided by 19.
15
Let b(p) = -8*p + 1. Let g be 236/(-4) + 2 - 1. Let q = -25 - g. What is the remainder when q is divided by b(-2)?
16
Let o be (-2 + 0)*6/(-4). Let q be 2 - 9/(-6)*10. Suppose -b = b - o*l - 37, 0 = b - l - q. What is the remainder when 40 is divided by b?
12
Suppose -2*y + 30 = -0*y. Let x be -15 - -13 - 2*-2. Let m = y + x. Calculate the remainder when 50 is divided by m.
16
Let o = -4 - -30. Suppose 0 = -5*m + 27 - 7. Suppose -m*i = i - 70. What is the remainder when o is divided by i?
12
Let n(a) = -14*a + 1. Let u be n(1). Let c = -7 - u. Let t = c - -6. What is the remainder when 47 is divided by t?
11
Suppose 7 = 3*n - 29. Calculate the remainder when 34 is divided by n.
10
Let f(l) = l**3 - 7*l**2 + 10*l - 6. Suppose 24 = 4*w - 48. Let y be (-4)/w + (-168)/(-27). What is the remainder when 53 is divided by f(y)?
17
Suppose 3*z - 58 = 2*k + 2*k, k = -4*z + 71. What is the remainder when 27 is divided by z?
9
Let q be 6/8*4 - 2. What is the remainder when 31 is divided by (4/8)/(q/22)?
9
Let y(f) = -f**3 + 7*f**2 + 16. Calculate the remainder when y(6) is divided by 11.
8
Suppose 0*x - 3*a - 48 = -4*x, 5*x = 2*a + 53. What is the remainder when (-2)/(-4)*(11 - -37) is divided by x?
6
Let c(q) = -q**3 - 8*q**2 - q + 7. Let k be c(-8). What is the remainder when 1/5 - (-372)/k is divided by (-1)/(2/(-3))*6?
7
Suppose 0 = -4*q - 6 + 26. Suppose -q*r - 7 = 13, -52 = -3*d - 2*r. Suppose 21*l - 22 = 19*l. Calculate the remainder when d is divided by l.
9
Suppose -1 = -4*i + 3*i. Suppose 3*f = -3 + 9. Calculate the remainder when f is divided by i.
0
Let g(v) = v**2 + 4*v - 3. Let r be g(-5). Suppose 2*t = 2*m - 3*m + 54, -r*t = -m + 34. Calculate the remainder when m is divided by 23.
21
Calculate the remainder when (5/((-15)/156))/(-2) is divided by 7.
5
Let f be (4 - (4 + -4)) + -2. Let i = f + 13. Suppose 0*v - 9 = -v. What is the remainder when i is divided by v?
6
Let o be 2*(1 + 105/6). Let v = -6 + o. Calculate the remainder when v is divided by 16.
15
Suppose -3*z = -5*t + 64 + 171, -3*z = t - 47. Calculate the remainder when t is divided by 17.
13
Suppose 2*p - 18 = 2. Let b = -345 + 362. Calculate the remainder when b is divided by p.
7
Let i = 240 - 198. Let v(j) = -3*j - 3. Calculate the remainder when i is divided by v(-4).
6
Let j(b) = -21*b + 8. What is the remainder when j(-3) is divided by 25?
21
Suppose 0 = -3*y - y + 100. Suppose -6*g + y = -g. What is the remainder when g is divided by (-9)/(-4)*(240/(-18))/(-10)?
2
Let n = 24 - 4. Suppose m = -4*m + n. What is the remainder when 10 is divided by m?
2
Suppose -b + 12 = -0*b. Let j = -75 - -108. What is the remainder when j is divided by b?
9
Let t(l) = 5*l**2 - 17*l + 9. Calculate the remainder when t(7) is divided by 46.
43
Suppose 5*q = 4*h - 31, -3 = -2*h - 3*q + 40. Calculate the remainder when h is divided by 8.
6
Let j(t) = -t**3 + 5*t**2 + 5*t + 7. Suppose -3*u + 4*z + 8 = 18, -2*u = z + 3. Calculate the remainder when j(6) is divided by 0/u - 5/(-5).
0
Let l(v) = v**3 - 2*v**2 + 4*v. Calculate the remainder when l(3) is divided by 3*2*(-2 - -4).
9
Suppose 0 = -4*f + 20, 0 = -5*m - 4*f + 27 + 58. Let x = -6 + m. What is the remainder when (17 + 1)/(4 - 3) is divided by x?
4
Suppose 0 = -0*a + 4*a - 68. Calculate the remainder when a is divided by 9.
8
Suppose 5*u = 25 + 30. Let y = -83 + 87. Calculate the remainder when u is divided by y.
3
Let o(q) = q**2 + 4*q + 7. Let a = 164 - 146. What is the remainder when o(5) is divided by a?
16
Let x(t) = -8*t - 14. What is the remainder when 52 is divided by x(-4)?
16
Suppose 2*x = 5*x - 24. Suppose 5*t = -2*i + i + 1009, 2*t + 5*i - 422 = 0. Calculate the remainder when 2/(3 + t/(-69)) is divided by x.
7
Suppose 3*d + 171 = 6*d. Let v = -39 + d. What is the remainder when 35 is divided by v?
17
Let o(n) = n + 4. Let w(r) = -r**2 - 8*r - 4. Let k be w(-6). What is the remainder when 23 is divided by o(k)?
11
Suppose -2*h = 30 - 64. What is the remainder when 101 is divided by h?
16
Let j = 0 + -1. Let d(f) = 3*f**3 - 4*f - 2. Let x(o) = -o**3 - o**2 + o. Let b(r) = j*d(r) - 4*x(r). What is the remainder when 7 is divided by b(-4)?
1
Let q(h) = h + 32. Calculate the remainder when 2 - (2 - 82 - 0) is divided by q(-11).
19
Suppose -g - 145 = -4*s - 41, 5*g - 104 = -4*s. Let l = 74 + -26. Let m = l - 34. Calculate the remainder when s is divided by m.
12
What is the remainder when 130 is divided by (2/(-4))/((-17)/408)?
10
Let c = -6 + 31. Suppose -y = 4*u - 25 + 8, -2*y + u + c = 0. Let w(a) = -a**2 - 8*a + 5. Calculate the remainder when y is divided by w(-8).
3
Let x = -9 - -15. Let r = -1 - -1. Let z = r + x. What is the remainder when 17 is divided by z?
5
Let y(d) = 3*d + 45. What is the remainder when y(14) is divided by 9?
6
Suppose -2*u - 2 = -4*u. Suppose 8 - 2 = 2*p. Suppose k - 5 = -p. What is the remainder when k is divided by u?
0
Let j = 148 + -116. What is the remainder when 92 is divided by j?
28
Suppose 0 = -3*n + 1 + 11. Suppose -1 = -o + 2*t, 5*o + 0*t - 4*t - 11 = 0. What is the remainder when n is divided by o?
1
Let j = -127 - -157. Calculate the remainder when 57 is divided by j.
27
Suppose -5*c + 144 - 44 = 0. What is the remainder when 36 is divided by c?
16
Suppose 4*o - 4*u = -0*u + 36, 0 = 5*o - 4*u - 40. Let l be -1 + o - 2/1. Suppose 3*f - 5 = l. What is the remainder when 2 is divided by f?
0
Suppose -2*x - 3*k - 45 = -5*x, 5*k = 15. Calculate the remainder when 88 is divided by x.
16
Let b(s) = s + 1. Let r(v) = -v**2 - 12*v - 10. Let w(y) = 3*b(y) + r(y). Calculate the remainder when w(-6) is divided by 5*1 + 1 + 0.
5
Suppose -m - 50 + 1 = 0. Let s = -27 - m. Calculate the remainder when s is divided by 1/2 + (-3)/2 + 9.
6
Let c = -19 + 28. Let i = 4 - -1. Calculate the remainder when c is divided by i.
4
Calculate the remainder when (1/3)/((-17)/(-1377)) is divided by 14.
13
Let g(p) = 3*p**2 + 2*p - 2. Let t be g(-2). Let r = 38 + -21. What is the remainder when r is divided by t - (1 - 1)/2?
5
Let y = -25 + 42. Calculate the remainder when 67 is divided by y.
16
Let q(l) = -l**3 + l**2 + l + 55. What is the remainder when q(0) is divided by 14?
13
Let r = 15 + -13. What is the remainder when 13 is divided by (r - -12)*(-3)/(-6)?
6
Let j(b) = 2*b**2 + 4*b - 10. What is the remainder when j(-5) is divided by 11?
9
Let q(z) = 46*z**3 + z**2. Let y be q(1). Let r = y + -33. Let l(c) = 8*c - 6. Calculate the remainder when l(4) is divided by r.
12
Let g = 20 + 27. Let d = -35 + 56. Let i = 37 - d. What is the remainder when g is divided by i?
15
Let p = 42 + -26. What is the remainder when 30 is divided by p?
14
Let k = -1 - -6. Let c(a) = 3*a**2 + a - 4. Let g be c(-3). Suppose -5*h - k = -g. Calculate the remainder when 5 is divided by h.
2
Suppose 0*m - 98 = -2*m. Let i = 7 + -5. Suppose -g - n = -i*g + 13, 3*n = g - 5. What is the remainder when m is divided by g?
15
Let w be ((-6)/(-4))/((-6)/(-16)). Suppose 3*x = w*x - 29. Let o = -20 + x. Calculate the remainder when o is divided by 5.
4
Let b(u) = u**3 - 5*u**2 - 7*u + 4. Let q be 5 - (1 - 0) - -3. What is the remainder when b(q) is divided by 18?
17
Suppose 0 = v + 4*v - 30. What is the remainder when ((-8)/(-10))/((-1248)/210 - -6) is divided by v?
2
Calculate the remainder when 113 - 16/(-12)*3 is divided by 10.
7
Suppose -3*l - 5*d = 5, -l = 3*d + 2 + 5. Suppose 53 = l*p - 2. Let j(r) = 2*r**2 + 9*r - 4. What is the remainder when j(-7) is divided by p?
9
Let l = 27 + -16. Suppose l = 2*a + 5. Suppose -a*b + 34 = 1. Calculate the remainder when b is divided by 4.
3
Suppose -14*h - 345 = -1395. What is the remainder when h is divided by 19?
18
Let z = -25 + 36. What is the remainder when 32 is divided by z?
10
Let s = 39 - 22. Calculate the remainder when 49 is divided by s.
15
Suppose 0 = -4*m - 3*s + 49, m - 6*m = -5*s - 105. Calculate the rema